 p + 1. Let f(d) = 20*d**2 - 7*d - 4. Let c(i) = -f(i) - 5*r(i). Let o be c(1). Let g(u) = u**3 - 5*u**2 - 6*u - 5. Give g(o).
-5
Let j(p) be the first derivative of p**2/2 - p - 36. Suppose -5*m - 76 = 14*m. Determine j(m).
-5
Let l(t) = t**2 - 32*t + 48. Suppose 101*a = 112*a - 64*a + 1643. Determine l(a).
17
Suppose -8*b - 135 = -151. Let s(k) = 0*k - 4*k + 6*k - 3*k + 64*k**2 - 44*k**b. Calculate s(1).
19
Let u(g) = -3*g**2 - 12*g - 22. Let y(o) = 3*o**2 + 15*o + 26. Let r(t) = 3*u(t) + 2*y(t). Determine r(5).
-119
Let v(y) be the third derivative of -y**5/60 - y**4/24 - 4*y**3 + 503*y**2. Give v(0).
-24
Let y(h) = h**3 - 10*h**2 + h - 5. Let x = -156 + 172. Suppose 8*d + x*d - 240 = 0. Calculate y(d).
5
Let u(t) = 16*t - 15 + 1 - 9*t - 3*t + 3. Give u(7).
17
Suppose t = -z - 8, -3*t - 42 + 18 = -5*z. Let c(m) = -m**2 - 10*m - 13. Calculate c(t).
3
Suppose 0 = -3*p + 85 - 34. Let m(g) = -30*g + 3 - 3 - p*g + 54*g. Give m(3).
21
Let i(y) be the first derivative of 1/4*y**4 + 24 + 5*y - 10/3*y**3 + 11/2*y**2. Give i(9).
23
Let x(f) = 17*f**3 + 3*f**2 + 6*f + 19. Let h(o) = -10*o**3 - o**2 - 4*o - 10. Let s(v) = 5*h(v) + 3*x(v). Give s(-5).
-8
Let a(f) = 21*f**2 + 20*f - 2. Let r(u) = -38*u**2 - 35*u + 2. Let k(i) = 5*a(i) + 3*r(i). Determine k(-1).
-8
Suppose -7*k = -6*k - 32. Let w = -26 + k. Suppose -28 = w*r + r. Let t(a) = -a**3 - 3*a**2 + 5*a - 2. Determine t(r).
-6
Let y(j) = 10*j - j - j**3 - 8*j**2 + 12 - 7*j. Suppose -16*g - 17*g = 264. Calculate y(g).
-4
Let l(q) = 443*q + 446. Let b be l(-1). Let g(s) be the first derivative of -s + 7/3*s**b + 40 + 1/2*s**2. What is g(1)?
7
Suppose 10*p - 4*p = 72. Let b be (-90)/p - -4 - 2/(-4). Let v(c) = 4*c - 4. What is v(b)?
-16
Let n be 1/4*-5*-4. Suppose n*x + 0*x = 0. Let i(p) be the first derivative of p**3/3 - p**2/2 + 18*p - 3450. Give i(x).
18
Suppose -14*c = 1184 + 3870. Let y = -356 - c. Let q(n) = -2*n - 4. Give q(y).
-14
Let y(v) = -v**3 - 20*v**2 - 16*v - 1. Let d = -2383 + 2364. What is y(d)?
-58
Let c(d) = -6*d**2 + 3*d. Let l = 159 - -186. Let f = -343 + l. What is c(f)?
-18
Let t(b) be the first derivative of -b**4/2 - b**3/3 - 58*b + 930. Give t(0).
-58
Let o(w) = 5*w**3 - w**2 + w + 1. Let x(l) = -21*l - 883. Let p be x(-42). Determine o(p).
-6
Suppose -3*w - z = -5*z - 4, -1 = 5*w + z. Let o(s) be the first derivative of -s**3/3 - s**2/2 + 13*s + 65. Give o(w).
13
Let x(b) be the first derivative of -19*b**3/3 - 4*b**2 - 2*b + 1281. Determine x(-1).
-13
Let k = -3 - -21. Let y(o) = 19*o**2 - 365 - o**3 + 371 - 10*o - 8*o. Calculate y(k).
6
Let s(n) = -3*n**3 + 10*n**2 - 10*n - 3. Let t(k) = -k**3 + k**2 - k. Let l(c) = -s(c) + 4*t(c). Give l(-7).
10
Let o(l) = -15*l + 137. Let m(n) = 10*n - 91. Let h(q) = -7*m(q) - 5*o(q). Give h(9).
-3
Let r(c) be the second derivative of 2*c - 1/2*c**3 - 7/2*c**2 - 30. What is r(5)?
-22
Suppose -5*r = 7 - 37. Let u = -357 - -541. Let q(k) = -u*k**2 - 2 - 8*k + 6 + 90*k**2 + 89*k**2 + k**3. Calculate q(r).
-8
Let q = -169 + 104. Let x(r) = 3*r**3 + 22*r**2 - 7*r + 2. Let p be x(-8). Let y = q - p. Let b(j) = -j + 10. What is b(y)?
5
Let j(a) = 62*a**2 - 51*a - 87. Let i(w) = -144*w**2 + 100*w + 175. Let m(b) = 3*i(b) + 7*j(b). Calculate m(30).
6
Let c(b) = b**3. Suppose -14*g = -16*g. Let p be c(g). Let u(h) be the first derivative of h**3/3 - h**2/2 - 11*h + 1. What is u(p)?
-11
Let v(l) = -l**2 + 13*l - 18. Let t be 39 - (-6 + 5)*2. Suppose 24*w + 204 = t*w. What is v(w)?
-6
Let k(c) = 3*c - 5*c - 542*c**2 + 531*c**2 + c**3 + 3 - 21 - 2*c**3. What is k(-11)?
4
Let j(f) = -13*f**2 + 40*f - 1. Let k(h) = -h**2 + 27*h + 2173. Let i be k(-35). What is j(i)?
2
Let c be (-74)/(-16) + (-120)/(-320). Let h(d) = d**3 + d + 2. Let s(l) = -6*l**3 - 4*l**2 - 5*l - 7. Let y(a) = c*h(a) + s(a). Give y(-3).
-6
Suppose -35*n - 124*n + 965 = 34*n. Let t be 0/2*(-2)/(-4). Let f(g) = 0 + t - 4*g - 5 + g**2. Determine f(n).
0
Let l(d) be the first derivative of -5*d**4/2 - 11653. Let v = 0 + 1. Let o = v - 0. Calculate l(o).
-10
Let b be (-6453)/108 + (-1)/4. Let o be 45/b*8/(-6). Let n(d) = 4*d - 3*d - 13*d**2 - 2*d**2. Determine n(o).
-14
Let h(t) = 34*t + 189. Suppose 0 = -4*j + 2*y - 8, 3*j + 5*y + 22 = 6*j. Calculate h(j).
-15
Let f = 7 - 5. Let c(h) be the first derivative of h**4/4 - 5*h**3/3 + h**2 + 2*h + 30. Calculate c(f).
-6
Let k(h) = 0 + 4*h**2 - 3*h**2 - 1 + 2*h - h**3. Let q(f) be the third derivative of -f**4/12 + 17*f**3/2 - 31*f**2. Let r be q(24). Give k(r).
-13
Let s(c) = 7059*c - 7054*c + 6 + 56*c**3 + 4*c**2 - 57*c**3. Let z = -11 - -16. Determine s(z).
6
Suppose -2*w - 11 = p, -3*w - 2*p - 23 + 8 = 0. Let c be -1 - (-1 + -23) - (8 + w). Let r(z) = c*z + 7 + 11 - 7*z - 14*z. What is r(-8)?
10
Let m(g) = g**2 - 4*g - 3. Let y be (42/133)/(4/38). What is m(y)?
-6
Suppose 4*j + j + 3*s + 92 = 0, 5*j = s - 96. Let c = -22 - j. Let y(l) = -l**3 - 4*l**2 - 3*l + 2. Determine y(c).
2
Let a(s) = 4*s**2 - 11*s + 29 - s**3 - 2*s**2 - 18*s + 39*s - 19*s. What is a(3)?
-7
Let s(n) be the third derivative of n**9/60480 - n**8/3360 - n**7/5040 - n**6/72 + 2*n**5 + 218*n**2. Let m(u) be the third derivative of s(u). What is m(7)?
32
Suppose 4 - 16 = -2*d. Let x be ((-20)/d - -2)*(-27)/12. Let u(i) = 4 + 0*i - 2 + 4*i - 5*i. Calculate u(x).
-1
Let b(z) = -5 + 238*z**3 - 2*z - 5*z**2 - 239*z**3 + 10*z - 2*z**2. Let o be -2 - 5/(5/(-2)). Let n(m) = -m - 8. Let t be n(o). Calculate b(t).
-5
Let r(h) = h**2 - 14*h + 21. Let m be (7 + 17 - 3) + -13. Determine r(m).
-27
Let v(f) = -f**3 + 4*f**2 - 3*f. Let s be v(2). Let b(j) be the third derivative of -j**4/24 - j**3/3 - 158*j**2. Determine b(s).
-4
Let k(d) be the third derivative of d**4/24 - d**3/3 - 3*d**2. Let a(l) = -39*l - 24. Let f be a(1). Let h = f + 68. Determine k(h).
3
Let n(l) = 3*l**2 - 50*l - 13. Let t be 16 + (-5 - 72/(-16)) + (-3)/(-2). Calculate n(t).
4
Let y(p) be the third derivative of p**5/60 - p**4/8 - p**3/6 + 433*p**2. Suppose -3*h = h - 12. Determine y(h).
-1
Let p(b) = -b + 0*b + 2138 - 6407 + 2117 + 2139. Let z(w) = -3*w**3 + w**2 - w. Let o be z(1). Let f(g) = -g**2 + 2. Let l be f(o). Determine p(l).
-6
Let x(r) = 23*r + 31*r - 5*r**2 + r**3 + 7 - 86*r + 29*r. Let u(b) = -b**2 - 10*b - 11. Let t be u(-8). Calculate x(t).
-8
Let m(g) = g**2 + 6*g + 7. Let a be m(-7). Suppose 42 = 4*p + a. Let j(v) = -6*v**2 - 2*v**2 + p*v**2 - 6*v. Determine j(-6).
0
Let j(f) be the first derivative of -f**3/3 - 17*f**2/2 - 35*f - 10270. Calculate j(-15).
-5
Let p(k) = -126403*k - 126403*k - 69 + 252807*k. Determine p(22).
-47
Suppose -9*q - 10*q = -418. Suppose -13*w = 9 - q. Let s(z) = 13*z**3 + z. What is s(w)?
14
Let f(i) = i**3 + 112*i**2 + 109*i - 225. Let j be f(-111). Let s(v) = 2*v**3 + 5*v**2 + 8*v + 12. What is s(j)?
-21
Let o = -357 + 419. Let s = o - 60. Let z(c) = -c**2 - 3*c + 9. Let q(t) = t - 4. Let y(m) = 5*q(m) + 2*z(m). What is y(s)?
-12
Let d(h) = 37*h**2 - 26 + 2*h**3 + 4*h**2 - 61162*h + 61140*h. Determine d(-21).
-5
Let p(l) = 3*l**3 - 2*l**2 - 3*l + 9. Let d(i) = i**3 - i**2. Let n(k) = -4*d(k) + p(k). Let j be n(2). Let y(t) = -t - j*t - 2*t + 90 - 93. What is y(-4)?
21
Let d(y) be the second derivative of 7*y**3/6 + 3*y**2/2 + 2*y + 183. Suppose 22 = 4*u + 3*l, -3*l + 6 + 9 = 3*u. Suppose -3*k + 12 = -u*k. Calculate d(k).
-18
Let a(t) = -2*t**2 + 14*t + 5. Let h(i) = 8*i**3 + 1 + 5*i - 3 - 18*i**3 + 16*i**3 - 2*i**2. Let g be h(1). What is a(g)?
5
Let h(s) = -2*s**2 + 127*s - 841. Let j be h(56). Let v(z) = -134*z**2 - z. Determine v(j).
-133
Let r(w) = 58*w - 310. Let f(q) = -25*q + 156. Let y(h) = 9*f(h) + 4*r(h). Calculate y(-24).
-4
Let m(p) be the first derivative of p**7/840 - p**6/90 + p**5/30 - p**4/8 + 20*p**3 - 66. Let s(a) be the third derivative of m(a). Give s(2).
-3
Let a(x) = 2*x - 2. Let t(i) be the second derivative of -13*i**3/6 + 19*i**2/2 - 3*i + 15. Let b(z) = -4*a(z) - t(z). Determine b(5).
14
Let x(j) = -j**3 + 30 + 0*j**2 - 30 + j**2 + 11*j**2 - 19*j - 63. Give x(9).
9
Let x = -4 - -6. Suppose x*w = -2*u - 3*u + 6, -2*u = w - 2. Let y(p) be the second derivative of p**5/20 + p**4/4 - p**3/6 + p**2 + 71*p + 44. What is y(w)?
8
Suppose 20125 = 54*o + 521*o. Let g(z) = -z**3 + 34*z**2 + 37*z - 70. Give g(o).
0
Let x = -42 - -44. Let u(y) = 